n a is divided by 10?
8
Let p be ((-1)/(-1))/((-3)/15). Suppose 4*o - 4*t = 240, -5*t + 370 = 5*o + 110. Calculate the remainder when o is divided by (-2)/(p/((-95)/(-2))).
18
Let s = 47 + -92. Let f = -27 - s. Calculate the remainder when f is divided by 10.
8
Let g = 48 + 147. Suppose 0 = -x - 2*l + 6, 4*l - 1 = 3*l. Suppose -g = -x*a - 19. What is the remainder when a is divided by 23?
21
Let i = -135 - -140. What is the remainder when 33 is divided by i?
3
Let g = 2 - 5. What is the remainder when 30 + (g + 1 - -4) is divided by 11?
10
Suppose -3*r + 16 = 4. Suppose -3 + 47 = r*y. What is the remainder when y is divided by 8/(-3)*18/(-8)?
5
Suppose 2*u + 3*c = 10, -3*u - 8*c + 14 = -4*c. Let z = 6 - u. Suppose -3*v + 20 = -7. What is the remainder when v is divided by z?
1
Let y = 39 - 19. What is the remainder when 18 is divided by ((-8)/16)/((-1)/y)?
8
Let h(m) = 2*m**2 - m. Let j be h(3). Let a(u) = u**2 + 4*u - 1. Let i be a(-5). What is the remainder when 35 is divided by j + i/(12/(-9))?
11
Let a = 46 + -26. Calculate the remainder when a is divided by 8.
4
Suppose -3*q - 3*o = -4*o - 106, 0 = -q - 4*o + 31. Let l = 101 - q. Calculate the remainder when l is divided by 23.
20
Let u be 4/(-24) - (-238)/(-12). Suppose -21 = f - 4*f. Calculate the remainder when f is divided by (8/u)/(3/(-15)).
1
Suppose -4*x = 2*n - 57 - 279, 0 = -4*x + 2*n + 328. What is the remainder when x is divided by 17?
15
Suppose -3*f = 108 - 519. What is the remainder when f is divided by 35?
32
Suppose 3*q + 53 = y, 1 = 2*q + 11. Calculate the remainder when 74 is divided by y.
36
Suppose -4*n - 5 = -3*h - 3*n, -4*h + n = -7. What is the remainder when 12 is divided by (21/9)/(h/6)?
5
Suppose 4*z - 6 = 10. Suppose -z*f = -13 - 23. What is the remainder when 24 is divided by f?
6
Let p = 31 + -49. Calculate the remainder when (-5)/(-2)*p/(-15) is divided by (-3)/5 + (-65)/(-25).
1
Let p(s) = -2*s - 4. Let w be p(3). Let z = w - -50. What is the remainder when z is divided by 21?
19
Suppose -26 - 16 = -6*c. Let w(f) = f**3 + 5*f**2 - f - 2. What is the remainder when c is divided by w(-5)?
1
Let j = -2 + 14. Let q = 18 + -8. Suppose q + 11 = 3*z. Calculate the remainder when j is divided by z.
5
Suppose 2*y = -0*r + 5*r - 48, -39 = -4*r + y. Let u = -24 - -24. Suppose u = 5*p - 20 - 0. What is the remainder when r is divided by p?
2
Suppose 3*f + 5*b = -f + 203, -2*f + 129 = -3*b. What is the remainder when f is divided by 15?
12
Let t = 31 - 21. Let x be (-30)/(-4)*(-8)/t. Let i(f) = -f + 8. What is the remainder when i(x) is divided by 5?
4
Suppose -s + 99 = -3*y, -s + 95 = -0*y - 2*y. Calculate the remainder when s is divided by 18.
15
Suppose -3*d + 190 = 2*v, -4*d - 5*v = -3*d - 46. Calculate the remainder when d is divided by 17.
15
Let i(r) = 3*r**2 - r - 1. Let d(s) = -7*s**2 + 2*s + 2. Let x(l) = 2*d(l) + 5*i(l). Let t(p) = -5*p - 1. Calculate the remainder when t(-2) is divided by x(3).
4
Let j(q) = -q**2 - 13*q + 12. What is the remainder when j(-12) is divided by 13?
11
Let s be 2 + 1*3/3. Suppose 4*q + s*c - 37 = 0, 0 = -5*q + 4*c + 32 + 22. What is the remainder when 28 is divided by q?
8
Suppose l + 2 - 11 = 0. Let t(k) = -7*k - 2. What is the remainder when t(-4) is divided by l?
8
Let n(y) = y**3 - 3*y**2 + y + 1. Let f be n(3). Suppose -4*o + 56 = -f*i, 2*o - 2*i - 45 = -o. What is the remainder when o is divided by 9?
8
Suppose -2*o + 154 = 4*n, 47 + 362 = 5*o + 4*n. What is the remainder when o is divided by 22?
19
Let l(z) = -z**2 - 13*z + 2. What is the remainder when l(-12) is divided by 3?
2
Suppose 3*r = -24 + 87. Let s = r - 3. What is the remainder when s is divided by (0 + -25)*(-4)/10?
8
Let k = 98 - 64. What is the remainder when k is divided by 3/((-20)/12 + 2)?
7
Let b be 7 + 0 + -2 - -1. Suppose -b*s + 4*s - 96 = 0. Let u = 72 + s. What is the remainder when u is divided by 13?
11
Let q = 151 - 139. Calculate the remainder when q is divided by 3.
0
What is the remainder when 2 + -7 - (-3 - -2 - 6) is divided by (-24)/(-14) + (-4)/(-14)?
0
Suppose 6*b - 8*b + 10 = 0. Suppose -b*z + 18 + 42 = 0. What is the remainder when 46 is divided by z?
10
Let r = 1 - 1. Suppose r = -3*o + o + 30. Calculate the remainder when 43 is divided by o.
13
Let f = 56 - 30. What is the remainder when 103 is divided by f?
25
Let g(m) = m**3 + 9*m**2 + 5*m + 9. Calculate the remainder when g(-5) is divided by 17.
16
Suppose 0*f = 2*d - 3*f - 15, -5*d = 5*f. Calculate the remainder when 28 + d/6*-2 is divided by 10.
7
Suppose b - 33 = 3*q - 8*q, -2*b = -3*q - 1. What is the remainder when 12 is divided by b?
4
Suppose 4*j - 11 - 21 = 0. Let p be (-3)/(-1 - (-1 - -1)). What is the remainder when j is divided by (-5 + p)/(2/(-5))?
3
Let l = 13 - 23. Let v(p) = 14*p**3 + p**2 - 1. Let j be v(1). Let h = l + j. What is the remainder when 7 is divided by h?
3
Let f be 1*-3 + 2 - -2. Calculate the remainder when (-1 + 8)/(12 - 354/30) is divided by 10 + (0 + -1)*f.
8
Let d = -25 + 36. Suppose 9*z - 112 = 59. Calculate the remainder when z is divided by d.
8
Let v(t) = 3*t**3 - 2*t**2 - 4. Calculate the remainder when v(2) is divided by 5.
2
Let y = 7 - 3. Let q(w) = 5*w - 23. Calculate the remainder when y is divided by q(5).
0
Let l = 92 - 46. What is the remainder when l is divided by 2/3 - (3 - (-220)/(-12))?
14
Suppose -3*l + f + 19 = 5*f, 6 = -2*l + 2*f. What is the remainder when 1/l + (1 - -7) is divided by 5?
4
Let p(g) = g**3 + 2*g**2 - 1. Let x be p(-1). Suppose -5*w + 11 + 34 = x. What is the remainder when 15 is divided by w?
6
Let f(u) = u + 35. Calculate the remainder when 103 is divided by f(-14).
19
Suppose -y = y + 3*p + 7, 25 = 5*y - p. What is the remainder when y is divided by (-18)/(-10) - (0 + (-7)/35)?
0
Suppose -3*z = -4*m + 2, z + 22 = -2*m - 2*m. What is the remainder when 13 is divided by z/(-12)*28/2?
6
Let a = -146 + 246. Calculate the remainder when a is divided by 17.
15
Suppose 0 = 4*q - 61 - 155. Suppose 22 = 2*u - 6. Calculate the remainder when q is divided by u.
12
Let j = -6 + 20. Calculate the remainder when (0 + -2)*(-1 - (-117)/(-6)) is divided by j.
13
Let a = 3 - 2. Let j = 6 - a. Suppose j*s - 148 = s. What is the remainder when s is divided by 13?
11
Let g = 6 - 1. Suppose -17 = -2*w + g. What is the remainder when 31 is divided by w?
9
Let p(f) = -2*f**3 - 3*f**2. Let y be p(-2). Suppose 3*q - 6*q = 2*w - 18, 5*w = -y*q + 17. Calculate the remainder when 21 is divided by q.
5
Let b(a) = a**2 + 2. Suppose 2*v - 23 - 7 = -4*m, -4*v + 44 = 4*m. Let q = v - 5. What is the remainder when q is divided by b(0)?
0
Suppose -2*v - 4*w = -0*v - 62, -5*v - 5*w = -170. Calculate the remainder when v is divided by 13.
11
Let q = -33 + 47. What is the remainder when q is divided by 6?
2
Suppose -4*h = 0, 96 = g + 3*g - 5*h. Suppose 2*b - j = g, j - 24 = -b - 9. Suppose 3*v - 14 = 100. What is the remainder when v is divided by b?
12
Suppose q + 4*j = 15, -5*q + 27 = 7*j - 3*j. Suppose 3*k - q*z = -15, 3*z = 10 - 1. Calculate the remainder when 29 is divided by 30/(-4)*1*k.
14
Suppose -3*i = 2*i - 70. Suppose 5*m + 13 = 3*c, 0*c + 2*c + 23 = -3*m. Let h = i + m. What is the remainder when 17 is divided by h?
8
Let v(o) = -3*o + 14. Let s be v(9). Let p(a) = -6*a + 4. Let n be p(-3). Let g = n + s. Calculate the remainder when 25 is divided by g.
7
Let s(h) = -h - 1. Let j be s(1). Let t = 9 + j. Calculate the remainder when 25 is divided by t.
4
Suppose 14 = 5*d - 2*m, m + 4*m = d - 12. Let w be ((-28)/(-6))/(3/(-9)). Calculate the remainder when w/(-4) - (-7)/14 is divided by d.
0
Let s(k) = k**3 - 4*k**2 + 4*k - 2. Let f be s(3). Let p = 3 - f. Suppose p*c = -2*c + 136. Calculate the remainder when c is divided by 12.
10
Suppose -i = -2, -7*i + 2*i = 4*t - 502. Calculate the remainder when t is divided by 21.
18
Let p = 175 - 101. Calculate the remainder when p is divided by 19.
17
Suppose 4*l - l - 102 = 5*p, 3*l - 3*p = 108. Let d = 57 - l. Let k(u) = -u**3 - u + 10. What is the remainder when d is divided by k(0)?
8
Let d = 0 + 5. Suppose 4 = -d*t + 3*t. Let n = 4 + t. Calculate the remainder when 6 is divided by n.
0
Let t = -41 + 88. Calculate the remainder when t is divided by 24.
23
Suppose 2*j = -h + 38, h + h = -5*j